?
142041012
In base 2, what is -10 + 11001011101110001?
11001011101101111
In base 15, what is -2ea - 98?
-393
In base 10, what is 5 - 90790?
-90785
In base 12, what is -418 + 421?
5
In base 14, what is 9930 - 7d?
9891
In base 14, what is b + -6072?
-6065
In base 7, what is 4 + 20560015?
20560022
In base 14, what is 6c - 1329?
-129b
In base 16, what is -12 - 1123f?
-11251
In base 9, what is 1557636 - -4?
1557641
In base 8, what is -34 - 13040?
-13074
In base 16, what is d83 + 84?
e07
In base 2, what is 101010 + 100001010110?
100010000000
In base 8, what is 3025 - 120?
2705
In base 4, what is -1 - -20220000?
20213333
In base 16, what is 3 + 3679e?
367a1
In base 14, what is 536 - -b1?
607
In base 13, what is -46222 - 2?
-46224
In base 5, what is -11040244 + -4?
-11040303
In base 10, what is -68 + 2498?
2430
In base 7, what is -5 + -4600130?
-4600135
In base 11, what is -6 + 23?
18
In base 5, what is -1344003 + -4?
-1344012
In base 16, what is b46 + 29?
b6f
In base 4, what is -311332 - -20?
-311312
In base 10, what is 71 + 4780?
4851
In base 7, what is 535160 - 6?
535151
In base 14, what is -18 + -3c1c?
-3c36
In base 16, what is -20 - -1b5?
195
In base 15, what is 1a - -dc0?
dda
In base 16, what is 3 + 23fe?
2401
In base 7, what is -6 + 351225?
351216
In base 15, what is 5 + -4ea17?
-4ea12
In base 10, what is -3 + -1292225?
-1292228
In base 14, what is 0 - -cdcd?
cdcd
In base 11, what is 57 - 418a?
-4133
In base 8, what is -226 - 2002?
-2230
In base 13, what is 203 + 69?
26c
In base 11, what is 36 + -905?
-87a
In base 12, what is -773a62 + 1?
-773a61
In base 6, what is 100 + -333231?
-333131
In base 7, what is 300525 - 1?
300524
In base 2, what is 100000 - -1000110110010111?
1000110110110111
In base 15, what is 13a44 + -3?
13a41
In base 12, what is 73 + 29495?
29548
In base 12, what is -310ab + 3?
-310a8
In base 6, what is -1302 + -1014?
-2320
In base 13, what is 5a5a1 - b?
5a593
In base 3, what is -111020 + -10102?
-121122
In base 14, what is -c + 672?
664
In base 10, what is 5 - 10982?
-10977
In base 2, what is 1011000010101110 + 101?
1011000010110011
In base 16, what is -12 - -6d?
5b
In base 10, what is 5718 - -97?
5815
In base 9, what is 2 + -134043?
-134041
In base 2, what is 10111110 - -10101001?
101100111
In base 8, what is 14 + -10322?
-10306
In base 13, what is 35a - 14?
346
In base 7, what is 3 + -33553?
-33550
In base 10, what is -21945 + 1?
-21944
In base 3, what is 10102101 - 1011021?
2021010
In base 15, what is 4 - -de2d7?
de2db
In base 6, what is 21310 + 151?
21501
In base 12, what is 17b + 2b1?
470
In base 12, what is -20875 + -1?
-20876
In base 14, what is -b3cd1 + 2?
-b3ccd
In base 3, what is -10 + -101000210?
-101000220
In base 8, what is 236144 + -4?
236140
In base 11, what is a - -5a4?
603
In base 2, what is 1011110010 + 10011010000?
11111000010
In base 12, what is 4 - 45463?
-4545b
In base 3, what is -2 - 220111102?
-220111111
In base 10, what is 313493 - 4?
313489
In base 7, what is -5 - -564545?
564540
In base 3, what is -20 + 10020011002?
10020010212
In base 13, what is 10 - 292a?
-291a
In base 15, what is -1 + a757b?
a757a
In base 7, what is -2 - 2624455?
-2624460
In base 2, what is -11111 + -1000101001001101?
-1000101001101100
In base 9, what is 1 + 23787?
23788
In base 4, what is 1 - 10230122?
-10230121
In base 7, what is -2122640 + -5?
-2122645
In base 16, what is 5 + -254cf?
-254ca
In base 12, what is -1659b - -1?
-1659a
In base 16, what is -1 - -50492?
50491
In base 3, what is 1200220012 - -12?
1200220101
In base 6, what is -14 - -113221?
113203
In base 3, what is 100201221202 - -20?
100201221222
In base 4, what is -1012121 - 332?
-1013113
In base 2, what is 1011101000 - -100000?
1100001000
In base 7, what is 10034 + 1?
10035
In base 13, what is -56c + -14b?
-6ba
In base 11, what is 10 - -3527a?
3528a
In base 3, what is -2002222 + 12?
-2002210
In base 15, what is 127 + -a71?
-949
In base 8, what is 1573 + 352?
2145
In base 14, what is -3 - -919c?
9199
In base 14, what is 33 - 19d0d?
-19cba
In base 6, what is -1 + 2115?
2114
In base 16, what is -4006 - 28?
-402e
In base 8, what is 4 + -245147?
-245143
In base 11, what is 111a77 + -4?
111a73
In base 11, what is -1 + 374a8?
374a7
In base 11, what is 1 - -37362?
37363
In base 11, what is 717 - 805?
-99
In base 15, what is -9 - 1db4?
-1dbd
In base 5, what is -3 - -1033344?
1033341
In base 16, what is 299aa + -3?
299a7
In base 5, what is 34 - -1143010?
1143044
In base 11, what is -4 - 15914?
-15918
In base 6, what is -241004 + -5?
-241013
In base 14, what is -2 - b49?
-b4b
In base 8, what is -4121 - -107?
-4012
In base 4, what is -1310310103 + 11?
-1310310032
In base 12, what is 20 - -2853?
2873
In base 11, what is -5134 - -2a5?
-493a
In base 15, what is -4 - 732d?
-7332
In base 16, what is -2914a + 5?
-29145
In base 2, what is -1010001101100000 - 101?
-1010001101100101
In base 11, what is 77 + -6305?
-6239
In base 11, what is 116613 - 2?
116611
In base 8, what is -747 + -164?
-1133
In base 6, what is 530055 + 0?
530055
In base 14, what is -16bc9 + -3?
-16bcc
In base 12, what is -178 - 79?
-235
In base 8, what is -1112 - -425?
-465
In base 4, what is 1312130 - -32?
1312222
In base 12, what is -b155 + 4?
-b151
In base 16, what is -1c7f + 2?
-1c7d
In base 6, what is -15 + -2235?
-2254
In base 16, what is 62e + 287?
8b5
In base 6, what is 4 + -52054?
-52050
In base 2, what is 1100 - -100111100101?
100111110001
In base 7, what is -245 - 222530?
-223105
In base 10, what is -372 - 378?
-750
In base 13, what is -29 + a5c?
a33
In base 9, what is 626 - -1203?
1830
In base 2, what is -1000111001 + 1101010000?
100010111
In base 12, what is -11 + -19966?
-19977
In base 15, what is -1492 + 225?
-126c
In base 3, what is -1001222212022 - -2?
-1001222212020
In base 2, what is 1101010110 - 1001000?
1100001110
In base 5, what is 1321440 + -114?
1321321
In base 11, what is -a96 - -3a?
-a57
In base 3, what is -2022 - 2000110?
-2002202
In base 2, what is 100 + 111001111111100111?
111001111111101011
In base 11, what is 7 + -736?
-72a
In base 12, what is -5 + -41a699?
-41a6a2
In base 9, what is 3473 + 1446?
5030
In base 10, what is 1345 + -55?
1290
In base 15, what is 7eb + 9e?
89a
In base 11, what is -849 - 6?
-854
In base 16, what is 4 - d7bf?
-d7bb
In base 7, what is 456216 - 4?
456212
In base 12, what is 18623 - 17?
18608
In base 6, what is 0 - 32224?
-32224
In base 13, what is 17 - -4a4?
4bb
In base 16, what is b + 49d5?
49e0
In base 4, what is -11 - -203313313?
203313302
In base 6, what is 2314 - 24053?
-21335
In base 10, what is 129301 + -4?
129297
In base 9, what is 22644 + -5?
22638
In base 7, what is 1 + -4100?
-4066
In base 10, what is 129057 + -2?
129055
In base 4, what is 12 + 130212001?
130212013
In base 5, what is -1 - 4011?
-4012
In base 16, what is 7ca2 - -3?
7ca5
In base 7, what is -30543 - -16?
-30524
In base 6, what is 452435 - -2?
452441
In base 10, what is -991 - 104?
-1095
In base 3, what is -200202 - 2111?
-210020
In base 5, what is -1000 - -2301132?
2300132
In base 9, what is -12 + 1365?
1353
In base 3, what is 11 - -20222200?
20222211
In base 12, what is 6 - -89850?
89856
In base 11, what is -44a66 - -18?
-44a49
In base 11, what is -3 - 99789?
-99791
In base 11, what is -42 - -6a706?
6a674
In base 7, what is 0 + -2634161?
-2634161
In base 7, what is -11006 - 1051?
-12060
In base 11, what is -8093a2 + -5?
-8093a7
In base 15, what is -ad - 226?
-2d4
In base 6, what is -252 - 21151?
-21443
In base 7, what is 1043 + 106?
1152
In base 4, what is -12 - -1300211?
1300133
In base 10, what is 685214 + -2?
685212
In base 12, what is -254897 - -3?
-254894
In base 7, what is -5 + -301032?
-301040
In base 9, what is -112 - -3481?
3368
In base 12, what is -4 - -333b5?
333b1
In base 14, what is -66ca5 + 3?
-66ca2
In base 4, what is -103101133 - 10?
-103101203
In base 10, what is -89380 + 1?
-89379
In base 7, what is -132 - 13613?
-14045
In base 10, what is -4 + -65109?
-65113
In base 11, what is -69 - 17437?
-174a5
In base 5, what is -11402 - 3304?
-20211
In base 14, what is 4 + 2cb028?
2cb02c
In base 5, what is 4 + 430111?
430120
In base 4, what is 22003 - -301?
22310
In base 10, what is 4 + -51943?
-51939
In base 13, what is -1a0 + -c?
-1ac
In base 7, what is 35665 + 153?
36151